{"id":19623,"date":"2021-12-01T09:56:17","date_gmt":"2021-12-01T09:56:17","guid":{"rendered":"https:\/\/bhr-navigator.unglobalcompact.org\/key_resources\/oit-declaracion-tripartita-de-principios-sobre-las-empresas-multinacionales-y-la-politica-social\/"},"modified":"2022-03-24T22:44:54","modified_gmt":"2022-03-24T22:44:54","slug":"oit-declaracion-tripartita-de-principios-sobre-las-empresas-multinacionales-y-la-politica-social","status":"publish","type":"key_resources","link":"https:\/\/bhr-navigator.unglobalcompact.org\/es\/key_resources\/oit-declaracion-tripartita-de-principios-sobre-las-empresas-multinacionales-y-la-politica-social\/","title":{"rendered":"Declaraci\u00f3n Tripartita de Principios sobre las Empresas Multinacionales y la Pol\u00edtica Social"},"content":{"rendered":"","protected":false},"excerpt":{"rendered":"<p>La Declaraci\u00f3n EMN ofrece orientaci\u00f3n a las empresas sobre pol\u00edtica social y pr\u00e1cticas laborales inclusivas, responsables y sostenibles.<\/p>\n","protected":false},"author":1,"menu_order":0,"template":"","regions":[],"due_diligence_stages":[],"business_sectors":[],"related_issues":[],"resource_types":[583],"class_list":["post-19623","key_resources","type-key_resources","status-publish","hentry","resource_types-guia-internacional"],"acf":{"file_description":"<h4>OIT<\/h4>\r\n<span style=\"font-weight: 400;\">La <\/span><a href=\"https:\/\/www.ilo.org\/empent\/Publications\/WCMS_124924\/lang--es\/index.htm\"><span style=\"font-weight: 400;\">Declaraci\u00f3n EMN<\/span><\/a><span style=\"font-weight: 400;\"> ofrece orientaci\u00f3n a las empresas sobre pol\u00edtica social y pr\u00e1cticas laborales inclusivas, responsables y sostenibles.<\/span>","file_preview_image":16121,"internal_or_external_resource":"externa","file_from_media_library":null,"link_to_external_resource":{"title":"Visitar p\u00e1gina","url":"https:\/\/www.ilo.org\/wcmsp5\/groups\/public\/---ed_emp\/---emp_ent\/---multi\/documents\/publication\/wcms_094386.pdf","target":""},"page_header_image":""},"yoast_head":"<!-- This site is optimized with the Yoast SEO plugin v27.1.1 - https:\/\/yoast.com\/product\/yoast-seo-wordpress\/ -->\n<title>Declaraci\u00f3n Tripartita de Principios sobre las Empresas Multinacionales y la Pol\u00edtica Social &#8226; Business &amp; Human Rights Navigator<\/title>\n<meta name=\"robots\" content=\"index, follow, max-snippet:-1, max-image-preview:large, max-video-preview:-1\" \/>\n<link rel=\"canonical\" href=\"https:\/\/bhr-navigator.unglobalcompact.org\/es\/key_resources\/oit-declaracion-tripartita-de-principios-sobre-las-empresas-multinacionales-y-la-politica-social\/\" \/>\n<meta property=\"og:locale\" content=\"es_ES\" \/>\n<meta property=\"og:type\" content=\"article\" \/>\n<meta property=\"og:title\" content=\"Declaraci\u00f3n Tripartita de Principios sobre las Empresas Multinacionales y la Pol\u00edtica Social &#8226; Business &amp; Human Rights Navigator\" \/>\n<meta property=\"og:description\" content=\"La Declaraci\u00f3n EMN ofrece orientaci\u00f3n a las empresas sobre pol\u00edtica social y pr\u00e1cticas laborales inclusivas, responsables y sostenibles.\" \/>\n<meta property=\"og:url\" content=\"https:\/\/bhr-navigator.unglobalcompact.org\/es\/key_resources\/oit-declaracion-tripartita-de-principios-sobre-las-empresas-multinacionales-y-la-politica-social\/\" \/>\n<meta property=\"og:site_name\" content=\"Business &amp; Human Rights Navigator\" \/>\n<meta property=\"article:modified_time\" content=\"2022-03-24T22:44:54+00:00\" \/>\n<meta name=\"twitter:card\" content=\"summary_large_image\" \/>\n<script type=\"application\/ld+json\" class=\"yoast-schema-graph\">{\"@context\":\"https:\/\/schema.org\",\"@graph\":[{\"@type\":\"WebPage\",\"@id\":\"https:\/\/bhr-navigator.unglobalcompact.org\/es\/key_resources\/oit-declaracion-tripartita-de-principios-sobre-las-empresas-multinacionales-y-la-politica-social\/\",\"url\":\"https:\/\/bhr-navigator.unglobalcompact.org\/es\/key_resources\/oit-declaracion-tripartita-de-principios-sobre-las-empresas-multinacionales-y-la-politica-social\/\",\"name\":\"Declaraci\u00f3n Tripartita de Principios sobre las Empresas Multinacionales y la Pol\u00edtica Social &#8226; Business &amp; Human Rights Navigator\",\"isPartOf\":{\"@id\":\"https:\/\/bhr-navigator.unglobalcompact.org\/es\/?lang=es\/#website\"},\"datePublished\":\"2021-12-01T09:56:17+00:00\",\"dateModified\":\"2022-03-24T22:44:54+00:00\",\"breadcrumb\":{\"@id\":\"https:\/\/bhr-navigator.unglobalcompact.org\/es\/key_resources\/oit-declaracion-tripartita-de-principios-sobre-las-empresas-multinacionales-y-la-politica-social\/#breadcrumb\"},\"inLanguage\":\"es\",\"potentialAction\":[{\"@type\":\"ReadAction\",\"target\":[\"https:\/\/bhr-navigator.unglobalcompact.org\/es\/key_resources\/oit-declaracion-tripartita-de-principios-sobre-las-empresas-multinacionales-y-la-politica-social\/\"]}]},{\"@type\":\"BreadcrumbList\",\"@id\":\"https:\/\/bhr-navigator.unglobalcompact.org\/es\/key_resources\/oit-declaracion-tripartita-de-principios-sobre-las-empresas-multinacionales-y-la-politica-social\/#breadcrumb\",\"itemListElement\":[{\"@type\":\"ListItem\",\"position\":1,\"name\":\"Recursos clave\",\"item\":\"https:\/\/bhr-navigator.unglobalcompact.org\/es\/key_resources\/\"},{\"@type\":\"ListItem\",\"position\":2,\"name\":\"Declaraci\u00f3n Tripartita de Principios sobre las Empresas Multinacionales y la Pol\u00edtica Social\"}]},{\"@type\":\"WebSite\",\"@id\":\"https:\/\/bhr-navigator.unglobalcompact.org\/es\/?lang=es\/#website\",\"url\":\"https:\/\/bhr-navigator.unglobalcompact.org\/es\/?lang=es\/\",\"name\":\"Business &amp; Human Rights Navigator\",\"description\":\"Created in partnership with the Helpdesk on Business &amp; Human Rights\",\"publisher\":{\"@id\":\"https:\/\/bhr-navigator.unglobalcompact.org\/es\/?lang=es\/#organization\"},\"potentialAction\":[{\"@type\":\"SearchAction\",\"target\":{\"@type\":\"EntryPoint\",\"urlTemplate\":\"https:\/\/bhr-navigator.unglobalcompact.org\/es\/?lang=es\/?s={search_term_string}\"},\"query-input\":{\"@type\":\"PropertyValueSpecification\",\"valueRequired\":true,\"valueName\":\"search_term_string\"}}],\"inLanguage\":\"es\"},{\"@type\":\"Organization\",\"@id\":\"https:\/\/bhr-navigator.unglobalcompact.org\/es\/?lang=es\/#organization\",\"name\":\"Business & Human Rights Navigator\",\"url\":\"https:\/\/bhr-navigator.unglobalcompact.org\/es\/?lang=es\/\",\"logo\":{\"@type\":\"ImageObject\",\"inLanguage\":\"es\",\"@id\":\"https:\/\/bhr-navigator.unglobalcompact.org\/es\/?lang=es\/#\/schema\/logo\/image\/\",\"url\":\"https:\/\/bhr-navigator.unglobalcompact.org\/wp-content\/uploads\/2022\/03\/un_logo.svg\",\"contentUrl\":\"https:\/\/bhr-navigator.unglobalcompact.org\/wp-content\/uploads\/2022\/03\/un_logo.svg\",\"width\":\"1680\",\"height\":\"1280\",\"caption\":\"Business & Human Rights Navigator\"},\"image\":{\"@id\":\"https:\/\/bhr-navigator.unglobalcompact.org\/es\/?lang=es\/#\/schema\/logo\/image\/\"}}]}<\/script>\n<!-- \/ Yoast SEO plugin. -->","yoast_head_json":{"title":"Declaraci\u00f3n Tripartita de Principios sobre las Empresas Multinacionales y la Pol\u00edtica Social &#8226; Business &amp; Human Rights Navigator","robots":{"index":"index","follow":"follow","max-snippet":"max-snippet:-1","max-image-preview":"max-image-preview:large","max-video-preview":"max-video-preview:-1"},"canonical":"https:\/\/bhr-navigator.unglobalcompact.org\/es\/key_resources\/oit-declaracion-tripartita-de-principios-sobre-las-empresas-multinacionales-y-la-politica-social\/","og_locale":"es_ES","og_type":"article","og_title":"Declaraci\u00f3n Tripartita de Principios sobre las Empresas Multinacionales y la Pol\u00edtica Social &#8226; Business &amp; Human Rights Navigator","og_description":"La Declaraci\u00f3n EMN ofrece orientaci\u00f3n a las empresas sobre pol\u00edtica social y pr\u00e1cticas laborales inclusivas, responsables y sostenibles.","og_url":"https:\/\/bhr-navigator.unglobalcompact.org\/es\/key_resources\/oit-declaracion-tripartita-de-principios-sobre-las-empresas-multinacionales-y-la-politica-social\/","og_site_name":"Business &amp; Human Rights Navigator","article_modified_time":"2022-03-24T22:44:54+00:00","twitter_card":"summary_large_image","schema":{"@context":"https:\/\/schema.org","@graph":[{"@type":"WebPage","@id":"https:\/\/bhr-navigator.unglobalcompact.org\/es\/key_resources\/oit-declaracion-tripartita-de-principios-sobre-las-empresas-multinacionales-y-la-politica-social\/","url":"https:\/\/bhr-navigator.unglobalcompact.org\/es\/key_resources\/oit-declaracion-tripartita-de-principios-sobre-las-empresas-multinacionales-y-la-politica-social\/","name":"Declaraci\u00f3n Tripartita de Principios sobre las Empresas Multinacionales y la Pol\u00edtica Social &#8226; Business &amp; Human Rights Navigator","isPartOf":{"@id":"https:\/\/bhr-navigator.unglobalcompact.org\/es\/?lang=es\/#website"},"datePublished":"2021-12-01T09:56:17+00:00","dateModified":"2022-03-24T22:44:54+00:00","breadcrumb":{"@id":"https:\/\/bhr-navigator.unglobalcompact.org\/es\/key_resources\/oit-declaracion-tripartita-de-principios-sobre-las-empresas-multinacionales-y-la-politica-social\/#breadcrumb"},"inLanguage":"es","potentialAction":[{"@type":"ReadAction","target":["https:\/\/bhr-navigator.unglobalcompact.org\/es\/key_resources\/oit-declaracion-tripartita-de-principios-sobre-las-empresas-multinacionales-y-la-politica-social\/"]}]},{"@type":"BreadcrumbList","@id":"https:\/\/bhr-navigator.unglobalcompact.org\/es\/key_resources\/oit-declaracion-tripartita-de-principios-sobre-las-empresas-multinacionales-y-la-politica-social\/#breadcrumb","itemListElement":[{"@type":"ListItem","position":1,"name":"Recursos clave","item":"https:\/\/bhr-navigator.unglobalcompact.org\/es\/key_resources\/"},{"@type":"ListItem","position":2,"name":"Declaraci\u00f3n Tripartita de Principios sobre las Empresas Multinacionales y la Pol\u00edtica Social"}]},{"@type":"WebSite","@id":"https:\/\/bhr-navigator.unglobalcompact.org\/es\/?lang=es\/#website","url":"https:\/\/bhr-navigator.unglobalcompact.org\/es\/?lang=es\/","name":"Business &amp; Human Rights Navigator","description":"Created in partnership with the Helpdesk on Business &amp; Human Rights","publisher":{"@id":"https:\/\/bhr-navigator.unglobalcompact.org\/es\/?lang=es\/#organization"},"potentialAction":[{"@type":"SearchAction","target":{"@type":"EntryPoint","urlTemplate":"https:\/\/bhr-navigator.unglobalcompact.org\/es\/?lang=es\/?s={search_term_string}"},"query-input":{"@type":"PropertyValueSpecification","valueRequired":true,"valueName":"search_term_string"}}],"inLanguage":"es"},{"@type":"Organization","@id":"https:\/\/bhr-navigator.unglobalcompact.org\/es\/?lang=es\/#organization","name":"Business & Human Rights Navigator","url":"https:\/\/bhr-navigator.unglobalcompact.org\/es\/?lang=es\/","logo":{"@type":"ImageObject","inLanguage":"es","@id":"https:\/\/bhr-navigator.unglobalcompact.org\/es\/?lang=es\/#\/schema\/logo\/image\/","url":"https:\/\/bhr-navigator.unglobalcompact.org\/wp-content\/uploads\/2022\/03\/un_logo.svg","contentUrl":"https:\/\/bhr-navigator.unglobalcompact.org\/wp-content\/uploads\/2022\/03\/un_logo.svg","width":"1680","height":"1280","caption":"Business & Human Rights Navigator"},"image":{"@id":"https:\/\/bhr-navigator.unglobalcompact.org\/es\/?lang=es\/#\/schema\/logo\/image\/"}}]}},"_links":{"self":[{"href":"https:\/\/bhr-navigator.unglobalcompact.org\/es\/wp-json\/wp\/v2\/key_resources\/19623","targetHints":{"allow":["GET"]}}],"collection":[{"href":"https:\/\/bhr-navigator.unglobalcompact.org\/es\/wp-json\/wp\/v2\/key_resources"}],"about":[{"href":"https:\/\/bhr-navigator.unglobalcompact.org\/es\/wp-json\/wp\/v2\/types\/key_resources"}],"author":[{"embeddable":true,"href":"https:\/\/bhr-navigator.unglobalcompact.org\/es\/wp-json\/wp\/v2\/users\/1"}],"version-history":[{"count":0,"href":"https:\/\/bhr-navigator.unglobalcompact.org\/es\/wp-json\/wp\/v2\/key_resources\/19623\/revisions"}],"wp:attachment":[{"href":"https:\/\/bhr-navigator.unglobalcompact.org\/es\/wp-json\/wp\/v2\/media?parent=19623"}],"wp:term":[{"taxonomy":"regions","embeddable":true,"href":"https:\/\/bhr-navigator.unglobalcompact.org\/es\/wp-json\/wp\/v2\/regions?post=19623"},{"taxonomy":"due_diligence_stages","embeddable":true,"href":"https:\/\/bhr-navigator.unglobalcompact.org\/es\/wp-json\/wp\/v2\/due_diligence_stages?post=19623"},{"taxonomy":"business_sectors","embeddable":true,"href":"https:\/\/bhr-navigator.unglobalcompact.org\/es\/wp-json\/wp\/v2\/business_sectors?post=19623"},{"taxonomy":"related_issues","embeddable":true,"href":"https:\/\/bhr-navigator.unglobalcompact.org\/es\/wp-json\/wp\/v2\/related_issues?post=19623"},{"taxonomy":"resource_types","embeddable":true,"href":"https:\/\/bhr-navigator.unglobalcompact.org\/es\/wp-json\/wp\/v2\/resource_types?post=19623"}],"curies":[{"name":"wp","href":"https:\/\/api.w.org\/{rel}","templated":true}]}}

Declaración Tripartita de Principios sobre las Empresas Multinacionales y la Política Social

<p>La Declaración EMN ofrece orientación a las empresas sobre política social y prácticas laborales inclusivas, responsables y sostenibles.</p>

<h4>OIT</h4>
<span style="font-weight: 400;">La </span><a href="https://www.ilo.org/empent/Publications/WCMS_124924/lang--es/index.htm"><span style="font-weight: 400;">Declaración EMN</span></a><span style="font-weight: 400;"> ofrece orientación a las empresas sobre política social y prácticas laborales inclusivas, responsables y sostenibles.</span>

Visitar página

<!-- This site is optimized with the Yoast SEO plugin v27.1.1 - https://yoast.com/product/yoast-seo-wordpress/ -->
<title>Declaración Tripartita de Principios sobre las Empresas Multinacionales y la Política Social &#8226; Business &amp; Human Rights Navigator</title>
<meta name="robots" content="index, follow, max-snippet:-1, max-image-preview:large, max-video-preview:-1" />
<link rel="canonical" href="https://bhr-navigator.unglobalcompact.org/es/key_resources/oit-declaracion-tripartita-de-principios-sobre-las-empresas-multinacionales-y-la-politica-social/" />
<meta property="og:locale" content="es_ES" />
<meta property="og:type" content="article" />
<meta property="og:title" content="Declaración Tripartita de Principios sobre las Empresas Multinacionales y la Política Social &#8226; Business &amp; Human Rights Navigator" />
<meta property="og:description" content="La Declaración EMN ofrece orientación a las empresas sobre política social y prácticas laborales inclusivas, responsables y sostenibles." />
<meta property="og:url" content="https://bhr-navigator.unglobalcompact.org/es/key_resources/oit-declaracion-tripartita-de-principios-sobre-las-empresas-multinacionales-y-la-politica-social/" />
<meta property="og:site_name" content="Business &amp; Human Rights Navigator" />
<meta property="article:modified_time" content="2022-03-24T22:44:54+00:00" />
<meta name="twitter:card" content="summary_large_image" />
<script type="application/ld+json" class="yoast-schema-graph">{"@context":"https://schema.org","@graph":[{"@type":"WebPage","@id":"https://bhr-navigator.unglobalcompact.org/es/key_resources/oit-declaracion-tripartita-de-principios-sobre-las-empresas-multinacionales-y-la-politica-social/","url":"https://bhr-navigator.unglobalcompact.org/es/key_resources/oit-declaracion-tripartita-de-principios-sobre-las-empresas-multinacionales-y-la-politica-social/","name":"Declaración Tripartita de Principios sobre las Empresas Multinacionales y la Política Social &#8226; Business &amp; Human Rights Navigator","isPartOf":{"@id":"https://bhr-navigator.unglobalcompact.org/es/?lang=es/#website"},"datePublished":"2021-12-01T09:56:17+00:00","dateModified":"2022-03-24T22:44:54+00:00","breadcrumb":{"@id":"https://bhr-navigator.unglobalcompact.org/es/key_resources/oit-declaracion-tripartita-de-principios-sobre-las-empresas-multinacionales-y-la-politica-social/#breadcrumb"},"inLanguage":"es","potentialAction":[{"@type":"ReadAction","target":["https://bhr-navigator.unglobalcompact.org/es/key_resources/oit-declaracion-tripartita-de-principios-sobre-las-empresas-multinacionales-y-la-politica-social/"]}]},{"@type":"BreadcrumbList","@id":"https://bhr-navigator.unglobalcompact.org/es/key_resources/oit-declaracion-tripartita-de-principios-sobre-las-empresas-multinacionales-y-la-politica-social/#breadcrumb","itemListElement":[{"@type":"ListItem","position":1,"name":"Recursos clave","item":"https://bhr-navigator.unglobalcompact.org/es/key_resources/"},{"@type":"ListItem","position":2,"name":"Declaración Tripartita de Principios sobre las Empresas Multinacionales y la Política Social"}]},{"@type":"WebSite","@id":"https://bhr-navigator.unglobalcompact.org/es/?lang=es/#website","url":"https://bhr-navigator.unglobalcompact.org/es/?lang=es/","name":"Business &amp; Human Rights Navigator","description":"Created in partnership with the Helpdesk on Business &amp; Human Rights","publisher":{"@id":"https://bhr-navigator.unglobalcompact.org/es/?lang=es/#organization"},"potentialAction":[{"@type":"SearchAction","target":{"@type":"EntryPoint","urlTemplate":"https://bhr-navigator.unglobalcompact.org/es/?lang=es/?s={search_term_string}"},"query-input":{"@type":"PropertyValueSpecification","valueRequired":true,"valueName":"search_term_string"}}],"inLanguage":"es"},{"@type":"Organization","@id":"https://bhr-navigator.unglobalcompact.org/es/?lang=es/#organization","name":"Business & Human Rights Navigator","url":"https://bhr-navigator.unglobalcompact.org/es/?lang=es/","logo":{"@type":"ImageObject","inLanguage":"es","@id":"https://bhr-navigator.unglobalcompact.org/es/?lang=es/#/schema/logo/image/","url":"https://bhr-navigator.unglobalcompact.org/wp-content/uploads/2022/03/un_logo.svg","contentUrl":"https://bhr-navigator.unglobalcompact.org/wp-content/uploads/2022/03/un_logo.svg","width":"1680","height":"1280","caption":"Business & Human Rights Navigator"},"image":{"@id":"https://bhr-navigator.unglobalcompact.org/es/?lang=es/#/schema/logo/image/"}}]}</script>
<!-- / Yoast SEO plugin. -->

Declaración Tripartita de Principios sobre las Empresas Multinacionales y la Política Social &#8226; Business &amp; Human Rights Navigator

La Declaración EMN ofrece orientación a las empresas sobre política social y prácticas laborales inclusivas, responsables y sostenibles.
